 35. Let j be x(-3). Suppose -j*m = -82*m - 6310. Is m a composite number?
False
Let x(t) = -2*t**3 - 2*t**2 - 29*t + 32. Is x(-17) a prime number?
False
Suppose 2041 = -5*x - 13044. Let m = x - -6778. Is m a composite number?
False
Let s(l) = -16*l**3 + l**2 + 7*l - 3. Suppose v - 15 = -13. Suppose -k - 6 = -v. Is s(k) composite?
False
Suppose 0 = p + 5 + 15. Let l be ((-5)/p)/(2/24). Suppose -l*h + 2*h + 2*n + 449 = 0, h - 3*n = 449. Is h prime?
True
Suppose -b + h = 1 - 3, 0 = -3*b + 4*h + 8. Suppose 0*k = 5*k + 2*s - 11019, -4*s + 8 = b. Is k a prime number?
True
Let g(c) = -1503*c**3 + 10*c**2 + 87*c + 184. Is g(-3) composite?
True
Suppose 47*r - 52*r - 310 = 0. Let v = r + 64. Is (v/3)/(((-16)/(-54))/4) a composite number?
True
Let f = -287024 - -403113. Is f a composite number?
False
Suppose -4*z + 3 = -17. Let j(p) = 2 + 2*p**2 + 5 - p**3 + 5*p**3. Is j(z) prime?
True
Let n(y) = 641*y + 34 - 308*y + 1005*y. Let h be n(-6). Let r = h + 11193. Is r a composite number?
True
Let s = 13974 + -13597. Is s prime?
False
Suppose 0 = -3*u - 12, 0 = -5*j + 8*j + 6*u - 529719. Is j a prime number?
False
Is 20444064/40 + ((-12)/(-14) - 1104/2415) a prime number?
False
Let c(g) = g**3 - 20*g**2 + 35*g + 11. Let s be c(18). Is s - ((-14)/(-7) - 43082) a prime number?
False
Suppose 228*v - 1435092 = 216*v. Is v a prime number?
True
Let y(q) = -2*q**2 - 33*q + 20. Let p be y(-17). Suppose -2*s + 131 = c - 6*s, -p*s = 5*c - 701. Let w = c - -2232. Is w a composite number?
False
Suppose 47*a - 51*a = -88. Suppose -a*c + 18*c = -14852. Is c composite?
True
Let w be (78/(-18))/(-13) - 34564/(-6). Let c = w + 4246. Is c a prime number?
True
Suppose -939876 = 54*i - 3338178. Is i prime?
False
Let j = -26054 + 45571. Is j a composite number?
True
Let w be (-1 - (-17)/(-3))*-159. Let r = -669 + w. Is r a composite number?
True
Let x = 467 - -2274. Is x a composite number?
False
Let p = -469 - -5095. Suppose -3*c = x - p, 0*c + 4*c - 3*x - 6181 = 0. Is c composite?
False
Let p = -117 + 120. Suppose -p*u = -1711 - 3971. Is u composite?
True
Let u = 13341 + 27698. Is u a prime number?
True
Let s(y) = 3*y + 40. Let z be s(0). Let u = -56 + z. Is 8844/20 + u/(-20) a prime number?
True
Let u(z) = 37*z**2 - 176*z - 225. Is u(88) composite?
True
Is 3/(-7) + ((-1459960)/119)/(-20) composite?
False
Let j(g) = -171*g - 10. Suppose 5*k - 4*k = 2. Let i be j(k). Let l = i - -1359. Is l prime?
False
Let p(z) = 59*z**3 - 32*z**3 + 2*z - 26*z**3 + 5*z**2. Let h be p(-4). Suppose -q = h*q - 13185. Is q prime?
False
Let j(l) = -l + 6. Let o be j(3). Let f be (1707 - (-1 - o))/((-3)/(-6)). Let d = f + -1371. Is d a composite number?
True
Is (4/10)/((-29)/((-5936010)/12)) composite?
False
Suppose -2*v + 480688 = 2*j, -6*j + 1442058 = -16*v + 20*v. Is j prime?
True
Let p(h) = -h**2 + 13*h + 15. Let s be p(13). Let v = s + -13. Is 8/v + (-5135)/(-5) prime?
True
Suppose 2*q + 5*x - 64494 = 0, q - 12859 - 19378 = -5*x. Is q a composite number?
False
Let o be (1/(-2))/(-2*8/162752). Let x = o + -2855. Is x a composite number?
True
Let f(v) = 6 - 6*v**2 + 3*v - 21*v + v - 4*v**2 + v**3. Let l be f(11). Is 13540/l*(1 + 0)*-3 a prime number?
True
Let u(c) = c + 20. Let b be 81/(-18)*4/3. Let r be u(b). Is (470 - -1)*r/6 a prime number?
False
Let s(x) = 1534*x**2 - 25*x + 121. Let k be s(10). Suppose 91967 = 3*d - 2*j, -84*d + 89*d - k = -4*j. Is d a prime number?
False
Let t(j) = -14*j**3 - 4*j**2 - 8*j - 13. Let q be (-6)/(-21) - ((-37)/(-7) - 1). Let a be t(q). Suppose 1276 = 3*r - a. Is r composite?
False
Suppose 0 = -6*p + 9*p + 2646. Let a = p - -1327. Let f = a - 188. Is f prime?
True
Let c(k) = k - 1. Let g(s) = -72*s + 19. Let p(x) = -2*c(x) - g(x). Is p(18) a prime number?
False
Let c(i) = -9931*i**3 - 1. Let w be c(1). Let o = w + 16227. Is o prime?
False
Let p be -1*6/(-6)*5. Suppose -5*b - 4*l = -58321, -4*b = -0*b - p*l - 46665. Is b a prime number?
False
Let j be (-2)/8*18*-68. Suppose j + 1437 = 3*o. Is o a composite number?
True
Suppose 1062 + 5340 = 6*f. Is f a prime number?
False
Suppose -703*c + 626*c = -41989871. Is c composite?
True
Suppose 2*h = 4*h + 10. Let a be 3 - h/2*2. Suppose a*z - 5955 = 5*z. Is z a prime number?
False
Let o(j) = 192*j - 37. Let n be o(13). Is n/(1/3 - (-46)/69) a prime number?
True
Suppose 10*h = 6*h + 16. Suppose 5*a = h*z + 104 + 1802, -z = 4*a - 1529. Is a a prime number?
False
Suppose -2*d = -x - 980567, -484*x - 1470882 = -3*d - 479*x. Is d prime?
False
Let v = 46726 - -7753. Is v composite?
True
Let k = -23 - -32. Let u(b) = b - 22. Let o be u(k). Let q(l) = -39*l - 8. Is q(o) a prime number?
True
Let i(b) = -308*b - 148. Let h(p) = 77*p + 37. Let x(j) = -9*h(j) - 2*i(j). Is x(-22) a composite number?
False
Let w(p) = p**3 - 8*p**2 + 5*p + 18. Let r be w(7). Suppose -1431 + 31 = -r*c. Suppose -c = -4*h - 0*d - 3*d, 0 = -2*h + 4*d + 186. Is h a prime number?
True
Let u = -189 + 193. Suppose -l = -4*g - 2225, -12052 + 3092 = -u*l - 4*g. Is l a prime number?
True
Suppose -18*i = -20*i + 65158. Let p = i + 41874. Is p prime?
True
Is ((-6)/(-18))/(2128821/(-266103) - -8) a prime number?
True
Let v = 37 + 7. Let w be v/(-66) - 14/(-3). Suppose -3*a = -5*u + 95, -a = -w*u - 26 + 109. Is u a prime number?
False
Let d = 50 - 71. Let t = d - 85. Is (t/8)/((-1)/20) a composite number?
True
Suppose -a - 5*x = 11, 5*x + 10 + 43 = 2*a. Let r = a - 11. Suppose -r*f + 5131 = -2*f. Is f a prime number?
False
Suppose -5*x + 18 = 3*t + 1, 5*x = -t + 9. Let g be (-1)/(1/x)*0. Let c(b) = b**3 + b**2 - 2*b + 251. Is c(g) composite?
False
Suppose -20 = 4*a - 3*n, 18*a - 13*a - 4*n + 26 = 0. Let j be 2/(-5) + 36/(-10). Is 445 + -2 + (a - j) prime?
False
Let l be 6 + (-1 + 0)*65355/(-15). Let a = 19236 + l. Is a a prime number?
True
Let w = 59512 - 39971. Is w a prime number?
True
Let k be 1/(-8) - (685/8)/(-5). Suppose 13027 = k*g - 10*g. Is g composite?
False
Suppose 2*g + 211984 = 6*i, 0 = i - g - 36549 + 1219. Is i prime?
False
Is 9 + 3 + 23074 + 2 + -1 a composite number?
False
Let c(y) = 3034*y**2 - 13 + 13*y - 989*y**2 + 1794*y**2. Is c(1) a prime number?
False
Let y(k) = -17*k**2 - 8*k + 32. Let x(p) = 83*p**2 + 38*p - 160. Let i(r) = -2*x(r) - 11*y(r). Is i(5) a prime number?
False
Suppose f + 2*i = 6*f + 14, i - 17 = 5*f. Is f/(-26) + -4 + 845586/78 a composite number?
False
Let y(q) = 122*q + 171. Let f be 204/20*(-30)/(-9). Is y(f) a prime number?
False
Let r be 136/476 - (-164)/14. Is (6774/r)/(5/130) a composite number?
True
Suppose 1 = -4*l + t, l + 2*t = -l - 8. Let y(c) = -16125*c**3 + 4*c**2 + 3*c + 1. Is y(l) a composite number?
False
Let l(k) = k**2 + 15*k + 45. Let j be l(-9). Let g(x) = -42*x - 187. Is g(j) a composite number?
False
Let t(z) = 3410*z**2 + 9*z + 4. Let u be t(3). Suppose 10*v - u = 7389. Is v a composite number?
True
Let l = -13 - -11. Is 304 - 40/(-8) - (-4)/l a prime number?
True
Let h(x) = 170*x + 173137. Is h(0) prime?
True
Suppose 0 = -2*k + w + 2191, 0*k = 2*k + 4*w - 2216. Let i(b) = k*b**2 - 1 + 4*b + 8 - 10. Is i(1) prime?
False
Suppose 0 = -2*u + m + 5, -15 = -0*u - 2*u - m. Suppose -4*h = u*p - 37, 6 = 3*h - 3. Suppose -11*w + 12618 = -p*w. Is w a prime number?
False
Suppose -21 + 5 = -5*m - 4*a, -3*a = 4*m - 12. Suppose m = -0*p + 12*p. Suppose 5*y - 2*y - 1893 = p. Is y prime?
True
Let g(s) = -1082*s**3 + 86*s**2 - 10*s - 15. Is g(-7) prime?
False
Suppose -88*i = -91*i + 72915. Suppose 0 = 9*o - 14224 - i. Is o prime?
False
Let y(p) be the third derivative of 91*p**5/60 - 43*p**4/24 - 37*p**3/6 + 2*p**2 - 51*p. Is y(-13) a composite number?
False
Let j(v) = v**2 + 3*v - 8. Let y be j(-5). Let w be (21/y)/(27/36). Suppose 0 = w*b - 11*b - 1239. Is b composite?
True
Suppose 0 = -10*l + 8*l - 8. Is 375855/45 - l/6 composite?
False
Let q(j) = -7*j + 243590*j**2 + 955 + 1902 - 243589*j**2. Suppose -l + 2*l = 0. Is q(l) a composite number?
False
Let l = 585493 + -395627. Is l prime?
False
Is (-1377104)/(-16)*(-9 + 10) prime?
True
Suppose r = 4*m + m - 94, -4*r + 56 = 4*m. Let q = m - 13. Suppose 5*v - 7*t + 3*t = 374, q*v + 2*t = 368. Is v prime?
False
Let z = -470 - -477. Suppose 263 = a - 2*x, x + 0*x - 803 = -3*a. Suppose 4*o - z*o = -a. Is o composite?
False
Suppose 5*v = 2*i - 937198, -751346 = -4*i - 4*v